 of h?
1
Suppose -6*o - 5*m = -o - 65, 41 = 2*o + 5*m. Suppose o*f = 18*f - 710. What is the units digit of f?
1
Let m(v) = 90*v**2 + 22*v - 13. Let s(n) = 47*n**2 + 10*n - 7. Let x(w) = -2*m(w) + 5*s(w). Let f(k) = k - 6. Let l be f(8). What is the hundreds digit of x(l)?
2
Suppose 0 = 17*r - 18*r + 911. Suppose -4*f + r = 111. Let i = 3 + f. What is the units digit of i?
3
Suppose -3*o + a + 13 = o, 2*a - 14 = -2*o. Suppose 5*m = -2*x + 494, o*x + 3*m - 1268 = -266. Suppose 4*y + x = 8*y. What is the units digit of y?
3
Suppose -36*f - 5 = -14623 - 9178. What is the hundreds digit of f?
6
Suppose 5*p - 153010 = -5*n, -134*p = -138*p + n + 122448. What is the units digit of p?
0
Let j = -18 + 162. Suppose 132 = -2*t - 66. Let u = t + j. What is the tens digit of u?
4
Let b = -272 + 278. Suppose -10*r + 4040 = -b*r. What is the tens digit of r?
1
Let a = -98 - -105. Let f(x) = 24*x**3 + 10*x**2 - x - 14. Let v(t) = 24*t**3 + 11*t**2 - t - 15. Let s(d) = a*f(d) - 6*v(d). What is the tens digit of s(2)?
9
Suppose -4*s + 0*s = 5*t - 15, 4*t - 12 = -3*s. Suppose 1960 = -0*g + 5*g - 5*u, -4*g - 4*u + 1584 = s. What is the units digit of g?
4
Let k = 86 + -79. Suppose 0 = -k*z + 2*z + 2*d - 2199, 3*z + 2*d + 1313 = 0. Let u = z + 619. What is the hundreds digit of u?
1
Suppose 0 = 29*y - 19*y - 22800. Suppose 13*g + y = 19*g. What is the hundreds digit of g?
3
Let d = -20166 - -31631. What is the thousands digit of d?
1
Suppose -189441 = -31*o - 126494 + 290577. What is the thousands digit of o?
1
Suppose -3*z - 3*r = -117, -3*z - r + 12 = -97. Suppose z*j - 5316 = 23*j. What is the units digit of j?
3
Let n = 42 - 40. Suppose -n = -2*c - 2. Suppose c = -3*b - b + 344. What is the units digit of b?
6
Let k(a) be the first derivative of a**4/4 + a**3 + 2*a**2 + 3*a - 13. Let j be k(-2). What is the units digit of 56 + 3 + 1 + j?
9
Suppose 42*t + 51*t + 1320 = 101*t. What is the hundreds digit of t?
1
Let y(g) = 125*g + 320. Let i(q) = -25*q - 64. Let l(o) = -22*i(o) - 4*y(o). What is the tens digit of l(7)?
7
Suppose 0 = 3*z + 6, -20*z = -4*o - 15*z + 25338. Suppose -10*v = 2432 - o. What is the units digit of v?
0
Suppose 0 = 3*b - 2*a - 17227, -53*a + 5751 = b - 58*a. What is the tens digit of b?
4
Suppose -2412 = -4*a + 8*a. Let w = 895 + a. What is the tens digit of w?
9
What is the tens digit of 0 - (-8)/(3 + -51) - 44571/(-18)?
7
Let a(j) = 7*j**2 + j - 29. Let z be a(-9). Suppose 806 = -2*u - 5*o, -z = u + 3*o - 127. Let r = -184 - u. What is the hundreds digit of r?
2
Let j be 3*11/(77/21). What is the units digit of 316/1 - (-3 + j)?
0
Let k = 25 - 21. Suppose 4*s - 16 = -k*u, -6*s = -3*s - 2*u - 22. Suppose 4*h - y = -s*y + 472, 357 = 3*h + 3*y. What is the units digit of h?
3
Suppose 198202 - 69502 = 20*y. What is the hundreds digit of y/21 - 6/14?
3
Let k = 62 - 59. Suppose k*p = -16 + 37. Let n(s) = s**3 - 4*s**2 + 14*s + 5. What is the tens digit of n(p)?
5
Let y(i) = -i**2 + i - 4. Let g be y(3). Let o(f) = 14 + 11*f**2 - 29 - 12*f**3 + 11 + 13*f**3. What is the units digit of o(g)?
6
Suppose -5*h - 4*n + 1040 = n, 2*n - 836 = -4*h. Let w = 488 - h. What is the hundreds digit of w?
2
Let v(d) = 16*d**2 + 169*d + 147. What is the units digit of v(22)?
9
Suppose -28*c + 95336 + 60319 = 17*c. What is the thousands digit of c?
3
Suppose 0 = -151*o + 212701 + 86279. What is the tens digit of o?
8
Let j = 7440 + -3361. What is the thousands digit of j?
4
Suppose 657 - 100 = 3*a - p, a = 2*p + 189. What is the units digit of ((-3)/2)/((-1)/2) + a?
8
Let q be 14/(-4)*(15 - 19). What is the tens digit of -2*(-459 - 1) - (q - 17)?
2
Suppose 53*c = -685730 + 2337051. What is the ten thousands digit of c?
3
Let d(p) = 84*p**2 - 3*p - 2. Let u be d(-1). Let o = u - -222. What is the units digit of o?
7
Suppose -q - 5 = 0, 2*o + 16*q - 14785 = 17*q. What is the units digit of o?
0
What is the units digit of (2 + (-12)/10)/((-206)/(-173555))?
4
Suppose 3354 = x + 2*n, -3*x + 5*n + 10062 = 2*n. What is the units digit of x?
4
Suppose 5*r = -2*a + 18195, -4*r + 5352 + 9217 = -a. What is the tens digit of r?
4
Suppose -102*z = -1090687 + 271423. What is the units digit of z?
2
Suppose -49*i + 6*p = -46*i - 27171, -3*i + 27192 = -3*p. What is the hundreds digit of i?
0
Suppose -12*r + 467 = -11*r. Let c = r + -189. What is the units digit of c?
8
Suppose -6428 - 2962 = -6*v. Suppose -5*h = -p + v, 2*p - 1537 - 1575 = 4*h. What is the units digit of p?
0
Let p(s) = -2*s**3 - 10 + 9*s**2 + 3 + s**3. Let m be p(8). Suppose -2*v - 17 = -m. What is the tens digit of v?
2
Let b(h) = 77*h**2 - 8*h + 6. What is the units digit of b(11)?
5
Let l be 48/36 + 462/(-9). What is the units digit of (438/(-8))/(6 - l/(-8))?
9
Let m(g) = 296*g**2 + 201*g + 2125. What is the units digit of m(-11)?
0
Let f be ((-1)/3)/(5/105). What is the tens digit of f*(-3 - -2)*92?
4
Let t = -22113 + 33603. What is the thousands digit of t?
1
What is the hundreds digit of (-6 - (30/9)/((-10)/10845)) + 0?
6
Suppose 3 - 12 = -3*g. Suppose 639 = 5*c + 4*a, -g*c + 8*c + 2*a - 647 = 0. What is the tens digit of c?
3
Let u(g) = -4 + 16*g - 6 - 2*g**2 + 5*g**2 - 4*g**2. Let o be u(14). What is the tens digit of o/4*80/12?
3
Let x(h) = h**3 + 17*h**2 - 15*h - 27. Let p be x(-16). Suppose 471 = 10*t - p. What is the tens digit of t?
9
Let b(n) = 3*n + 7. Let x be b(1). Suppose x*g = -g - 44. Let s(q) = -37*q + 28. What is the hundreds digit of s(g)?
1
Let l = -28 - -34. Suppose 3*d - 3*y + y = -l, 6 = 3*d + 2*y. Suppose 5*p + 369 = -c + 3*c, -3*c + p + 534 = d. What is the hundreds digit of c?
1
Let g = -61270 + 99883. What is the thousands digit of g?
8
Let u = -76 + 87. Suppose -4*o - 217 = -u*o. Suppose 0 = 4*w + o - 775. What is the tens digit of w?
8
Let o(f) = -182*f + 92*f - 4 + 86*f. Suppose -4*m - 20 = -0*m. What is the tens digit of o(m)?
1
Let s = 224 - 267. Let n(a) = -a**2 - 53*a + 52. What is the hundreds digit of n(s)?
4
Suppose 426 = -9*n + 2154. Let q(a) = a**3 + 4*a**2 - 6*a - 3. Let r be q(-5). Suppose r*g - 30 = n. What is the tens digit of g?
1
Let d = -24169 + 40794. What is the tens digit of d?
2
What is the tens digit of 878*(6758/124 + (-2)/2)?
7
Let z(p) = -p**3 - 64*p**2 - 61*p + 77. What is the tens digit of z(-65)?
6
Let r = 5570 - 2519. What is the hundreds digit of r?
0
Let t = -7815 - -9645. What is the hundreds digit of t?
8
Let o(c) = -688*c + 2367. What is the thousands digit of o(-11)?
9
Suppose 2*k - 1919 = 5*y, -6*y + 9*y - 3877 = -4*k. Let z = -472 + k. What is the tens digit of z?
9
Let s = -346 + 38. Let m = 65 - s. What is the units digit of m?
3
Let j(h) = 64*h - 126. Let d(l) = 6*l**2 - 32*l - 18. Let p be d(6). What is the hundreds digit of j(p)?
2
Suppose -8*z + 9263 = -13273. What is the units digit of z?
7
What is the thousands digit of (2/6 + (-2)/(-3))*(2411 + -30)?
2
Let m = -3055 - -6403. Suppose 5*k - 2*l - m = 0, -k - 2*l + 2664 = 3*k. What is the tens digit of k?
6
Let u(y) = 83*y - 187. Let v be u(11). Suppose g - v = 366. What is the tens digit of g?
9
Suppose 1052*r - 1057*r + 26455 = 0. What is the thousands digit of r?
5
Let i(b) = -b**2 + b - 1. Let u(n) = 895*n**2 - n + 5. Let y(p) = 4*i(p) + u(p). Let a be y(1). Suppose -171 + a = 4*q. What is the units digit of q?
1
Suppose g - 4485 - 3691 = -3*i, 0 = -5*i + g + 13632. Let w = i - 1811. What is the tens digit of w?
1
Suppose 3*u = 157 + 146. Suppose -100*y = -u*y + 282. What is the tens digit of y?
8
Let u(w) = 21*w**3 - 3 + 2*w - 5*w**2 + 2*w**2 + 5*w. Let z be u(2). Let q = 318 - z. What is the units digit of q?
1
Suppose 5*u = 0, 0 = 5*v - 2*u - 1553 - 3382. Let d be (2 - v/6)/(8/(-16)). Let b = d - 198. What is the hundreds digit of b?
1
Let g = -74 - 48. Let a = 211 - g. What is the units digit of a?
3
Let r(x) be the first derivative of 5*x**3 + 23*x**2/2 - 71*x + 139. What is the hundreds digit of r(3)?
1
Suppose -6672 = -2*x - 2*x. What is the hundreds digit of (x/15)/(10/25)?
2
Let n = -58 - -100. Suppose -2*s + n - 6 = 0. Let t(i) = i - 17. What is the units digit of t(s)?
1
Suppose -4*l = -18*v + 22*v - 29368, 5*l - 36698 = -v. What is the units digit of l?
9
Let n(a) = -2934*a - 1998. What is the units digit of n(-11)?
6
Let c(m) = 86*m**2 + 112*m - 15. What is the 